) + 7 + -5)
-19
(11 + -18 + -142 - -25) + 11 - (-3 - 1)
-109
What is the value of 107 + -60 - 53 - ((2 - 64) + -3)?
59
Calculate -90 - (-12 + 12) - (-30 - -19).
-79
158 - (-73 + (25 - -12) - -69)
125
Evaluate (1 + -2 - -5) + (9041 - 9060).
-15
58 - (80 - 36) - (5 - 0) - -23
32
(-61 - 11) + 7 + -13
-78
What is the value of 36 - 2 - (34 + -18) - 0?
18
Evaluate 45 + ((-40 - -18) + 19 - -9).
51
What is the value of (92 - (6 + -3)) + (84 + -47 - 56)?
70
Calculate (4 + -10 - -6) + (-19 - -14) - (104 - -1).
-110
What is 13 + 2 - ((11 + -32 - 101) + -1 + 13)?
125
0 + (4 + -7 - 4) + 7 + (8 - -31)
39
Evaluate -5 - (-3 + -1) - 18 - (707 - 665).
-61
What is -48 - (0 - (5 - 3)) - (407 - 392)?
-61
Calculate (72 + -9 - 26 - 18) + 17.
36
Evaluate -28 - (-12 + 23) - (9 + 42).
-90
What is the value of (10 + 33 - 77) + 19?
-15
Evaluate -3 - -3 - (-13 + 2) - (51 + -12 + -34).
6
Evaluate 25 - (5 - (-17 - -21) - 11).
35
Calculate -53 - (-40 + (23 - -10)).
-46
What is the value of -43 + 122 + -15 - 119?
-55
What is -58 + -122 + (377 - 83)?
114
18 + (2 - 6) + 8 + (12 - 85 - 22)
-73
Calculate -14 + 22 + (-17 - (-60 - (12 + 6))).
69
What is -29 + (3 - 12) - (3 + -19)?
-22
Evaluate (1 - (-9 - (23 + (9 - 20) + 78))) + 6.
106
Calculate (-4 - (-11 - (-5 - -10))) + -30 + 36 + -16.
2
What is 0 - 24 - (-149 - 15 - -92)?
48
Calculate 3 - -1 - (-9 - 77 - 5 - -41).
54
Calculate -111 - (58 + -124) - -76.
31
Evaluate (12 - 0) + -9 + -30 + -7.
-34
Evaluate (3 + (-8 - -3) - 0) + 1 + -7 + -78.
-86
Evaluate 0 + (-6 - (-42 + 8 + 18)).
10
What is the value of 12 - ((-48 - -44) + -15)?
31
What is the value of (0 - 3) + (94 - (75 - -3))?
13
Calculate (-11 + 19 - 17) + (7 - (-7 - 6)) + 46.
57
-4 + -5 + -6 + 3 - (560 + -556)
-16
-12 - -3 - (-18 - (4 - (97 - 3))) - -10
-71
What is 12 - (-1 + 111 + -27 + (8 - -3))?
-82
What is the value of -8 + 0 - ((33 - (28 - 10) - -3) + -14)?
-12
Evaluate 77 + (-23 - (0 + -13 + 11)).
56
What is 5 + 18 + 8 - (13 - 0 - 2)?
20
Evaluate 39 + -42 + -28 - 10.
-41
Calculate -1649 - -1548 - (-3 + 5 + -18).
-85
173 + (-106 - 50) - (0 + 20)
-3
What is the value of 1 - (13 - (-38 + (8 - 9) - -12))?
-39
Evaluate 55 + 33 + 106 + -101.
93
What is -86 - 16 - ((-7 + -1 - 1) + -595 + 596)?
-94
What is (-46 - 2) + (-11 - -5 - -4)?
-50
Evaluate 2 + -2 + (22 - (7 - 41)) + -44.
12
(4966 - 4926) + (-1 - 94)
-55
-55 + -55 + 1 + 76
-33
What is the value of 110 + -5 + 37 + 24 + -103?
63
(-35 - -84 - 58) + 20
11
What is -14 + -12 + 56 + 4?
34
Evaluate 25 - (53 - (-54 - -28)).
-54
Evaluate 5 + (-31 - -6) + 27 + (-2 - 0) + -26.
-21
What is -10 - (-27 - -45 - 4) - -8?
-16
Evaluate -162 - (-97 + -47) - ((0 - -91) + 0).
-109
Evaluate -82 - ((-7 - 6) + -15) - -27.
-27
(-1 - -45) + (0 - (14 + -1 + (14 - 25)))
42
Calculate 68 - (3 - -16 - (-43 - -72 - 14)).
64
What is the value of 9 - (0 - (-12 + 18 - (0 - 4)))?
19
(20 - 192) + 54 + (17 - 41)
-142
Calculate 39 + -11 + -15 + 24.
37
-8 + (-4 - -13) + (4 + -3 - (-24 + 0))
26
What is the value of -31 - (71 - (-73 - -89))?
-86
(-9 + -4 - -8) + 27 + (3 - 1)
24
What is the value of 1001 + -953 - (-3 - 18)?
69
Evaluate 113 + (109 - (39 + 221)).
-38
What is (-80 - -62) + (4 - 5) + 5?
-14
What is the value of (-29 - -92) + -32 + -67 - 52?
-88
Evaluate -16 - (6 - (-50 + 44)).
-28
Evaluate 3 + -41 - (75 - (-104 - -203)).
-14
What is the value of (-766 - -701) + 51 + -3?
-17
-67 + -115 + 132 + 8
-42
6117 + -6186 - (-37 - 1)
-31
-54 + 62 + -11 + 11
8
-96 - (-81 - (25 - 84))
-74
What is the value of 11 + (-167 - (-83 + 45)) + 11?
-107
-49 - (62 + 71 + -92)
-90
What is 13 + -1 - (58 - 46 - (-3 + 17))?
14
-51 - (-11 - (85 - 37))
8
What is 28 + (12 + -47 - 8)?
-15
-47 + -40 - (1 + (-12 - -4 - -7))
-87
Calculate (-78 - 39) + 122 + -4 + (19 - -4).
24
Calculate 0 + -142 - (-671 + 638).
-109
What is the value of (30 - (9 - 7)) + (-483 - -451)?
-4
What is the value of (70 - 116) + -65 + 59?
-52
Calculate -116 + 77 + 0 + 26.
-13
Calculate 56 + -16 + -95 + 9.
-46
Calculate -2 + 15 - (20 - 16 - (20 + -24)) - 98.
-93
What is the value of 5 + 16 + (19 - (15 + -15)) + -51?
-11
Evaluate 2 - -74 - (205 - (155 - -52)).
78
What is (27 - -20) + (66 - 111)?
2
Evaluate 27 - (21 - 30 - (-8 + 64)).
92
Calculate -1 - -5 - (10 - 25 - (-6 + -3 - -2)).
12
Calculate 120 + -107 + -63 + (0 - -7).
-43
What is -40 + -117 + -2 + 26 + -9 + -2?
-144
What is the value of 2 + (54 - 0) + (-153 - -99 - -62)?
64
Evaluate (-212 + 184 - (0 + -17)) + 23.
12
Evaluate (9 + 134 - 64) + -17.
62
3 + -7 + -5 + (-15 - (-12 - -58))
-70
Evaluate (1 - -6) + (-165 - -177).
19
Evaluate (1 + -5 - -8 - -11) + (3 - -39).
57
Evaluate 10534 + -10480 + (4 - -1) + 1 + 1.
61
8 + -1 + (31 - 1) + (951 - 943)
45
15 + 78 + -44 + -82
-33
What is the value of 136 + (-15 - -24) + -85?
60
What is -42 - ((19 - (3 + 8 + 5)) + -8 + 2)?
-39
Evaluate -7 + 15 + -10 - (-4 - (-7 + 6)) - -19.
20
Evaluate 76 - (87 - 52) - 80.
-39
-4 + -9 + -13 + 2 + 25
1
What is the value of 26 + -42 + 8 - (-19 - -1)?
10
What is (1 - (-7 + 1)) + (-96 - (78 + -106))?
-61
Calculate 1 + 6 + 2 + (-1 - (5 + -5)) - -11.
19
30 - (-20 - -10 - 1)
41
2 - (-40 + -2) - (64 - (116 - 60))
36
What is 51 - (-225 + 241 + -1 + -2)?
38
Evaluate 2 - ((1 - -4) + -157 + 156 + 36).
-38
Evaluate -2938 + 2972 - (-2 - -2 - -10).
24
(0 - -1) + (139 + -105 - (-1 - (6 + -3)))
39
Calculate (-12 - -46) + -40 - -26.
20
Evaluate (-10 - 1) + -50 + 55 + -46.
-52
11 + 0 - (-21 + -24 + 23 + -10)
43
Calculate (23 - -48) + -18 + -101.
-48
Calculate (-70 + -22 - (-34 - 1)) + -22.
-79
What is (-5 - -21) + -5 - (358 + -335)?
-12
What is 78 + 23 + -80 + -100?
-79
Evaluate 10 + 0 + 5 + -21 + (3 - (-29 + 4)).
22
What is the value of 5 - (7 + (9 - 4) - 24 - 0)?
17
Calculate 2 + (19 - (43 - (-25 - -22))).
-25
Evaluate 79 + -20 - (73 + 37).
-51
Evaluate -12 - (-22 + -21 + 6 + 13).
12
What is -25 + 62 + -11 - -21?
47
Calculate (-2312 - -2428) + -1 + -101.
14
What is (40 - (-2 - -6)) + 233 + -292?
-23
1 - -1 - (40 + 59 + -36 + -3)
-58
What is -10 + -53 + 15 + (-18 - -19) - 1?
-48
Calculate 1 - (-30 - (-30 - (-15 - -5))).
11
What is 1 + -15 + 6 - ((-33 - -9) + 45)?
-29
What is the value of -15 - (-204 + 126) - 11?
52
What is -7 - (-269 + 241 + 10 + -2) - (20 + -5)?
-2
What is the value of (4 - -1) + -12 + 0 + 4 + -31 + 27?
-7
What is -7 + (-135 + 16 - (-10 + 0 + 5 + -6))?
-115
What is the value of 32 - (-58 - -106) - (-17 + -2)?
3
Calculate -6591 + 6722 + (-80 - 2).
49
What is (15 - (-2 + 0)) + -2990 + 3003?
30
What is (-8 - 13) + (56 - 19) + -32?
-16
What is 4 + (-3 + (84 - 4) - 3) + (154 - 160)?
72
What is 7 + (5 - 28) + 4?
-12
Evaluate 610 + -621 + (-2 - (0 - 4)) + -1 + -40.
-50
55 + (43 - -55 - 155)
-2
(-18 - 1) + (120 - (221 + -113))
-7
What is the value of 18 + (-8 + 56 - 4) + (-5 - 13)?
44
What is the value of (19 - (33 + (0 - 6)) - 2) + -50?
-60
Evaluate (30 + -4 - ((-7 - -87) + 6)) + (13 - 0).
-47
Evaluate -36 - -6 - (17 - 40).
-7
0 + 13 - 15 - (5 + (45 - (2 - 4)))
-54
Evaluate -12 + 19 + (-22 - (23 + -139)).
101
Evaluate (-91 - -122) + -21 + (1 - -9).
20
Calculate -110 + 62 + 59 + -38.
-27
Calculate 50 + (7 + 2 - 12) + (-1 - 6) + 18.
58
-3 + 0 - -1 - -9 - (-68 + 50 - -26)
-1
What is the value of 109 + (-1 - 94) - (-2 + (3 - 39))?
52
Calculate 3 + -20 + -4 + 3 - (-1 + 4).
-21
What is 0 + -38 + 41 + (0 - 6) - -2?
-1
Evaluate 2473 - 2562 - (-3 + -111).
25
What is the value of 13 - ((2 + -9 - -14) + 15) - 2?
-11
What is (2 - (2 + 0)) + 4 + -2 - (-3567 + 3485)?
84
What is 62 - (-19 + 1 - (-39 - (-44 - -12)))?
73
Calculate 1051 + -1118 + (1 - -41).
-25
Evaluate (1 - (6 - (-1 - 3))) + 15 + 0 - 133.
-127
Evaluate -10 + (5 - 1) - 4 - (15 - 105 - -12).
68
What is the value of 69 - -5 - (17 - (-1 - -18))?
74
Evaluate 35 - 6 - (-1163 - -1101).
91
What is (-28 - 25) + 107 + 4 + -3?
55
What is (-71 - -52) + 7 + -10?
-22
What is the value of -169 + -95 - -196 - (16 - 0)?
-84
What is the value of 105 + (-12 - -23) - (33 + -64 + 18)?
129
What is the value of -17 - (158 - (46 + 14))?
-115
Calculate -6 - ((6 - 13) + 14) - (9 - -2).
-24
What is -13 + (-15 - -13 - -16 - 10) - -6?
-3
Calculate (113 - (221 + 41)) + 279.
130
-70 + (-8 - -56) - 16
-38
What is the value of (8 + 0 - -1) + -5489 + 5426 - -10?
-44
Evaluate 3 + (6 - -82) + (611 - 619).
83
Calculate -1154 + 1323 + (-3 - -4) + -34.
136
39 + (-72 - -2